 -16*j**3 - 2*j**2 + 1. Let m be i(-1). Let t = 27 - m. Let c be 2*10*3/t. What is the greatest common factor of c and 40?
5
Let t = -1 - 19. Let x = t + 36. What is the greatest common divisor of 144 and x?
16
Let m = 871 - 643. Calculate the highest common factor of 18 and m.
6
Let r(x) = 5*x**2 + x + 5. Let q(c) = -c**2 + 9*c + 27. Let v be q(11). Let k be r(v). Calculate the greatest common divisor of 27 and k.
27
Let s be 0 + 7 + 27216/72. What is the greatest common divisor of s and 35?
35
Suppose -3*f + 2*h = -114, -38 = -f - 2*h - 2*h. Let g = f + -33. What is the highest common divisor of g and 5?
5
Let f be (10700/10)/1 - (6 + 0). Calculate the greatest common factor of 14 and f.
14
Let u be 5 + 38/(-2)*-1. Suppose -5*x - u = -224. Calculate the highest common divisor of x and 8.
8
Let v(h) = -h + 11. Let a be v(13). Let c be a/3 - 1150/(-15). Suppose u - 3*u = -c. Calculate the highest common divisor of 95 and u.
19
Let r = 13 - 19. Let i = 11 + r. Let m(u) = -u**3 - 74*u**2 + 233*u + 174. Let k be m(-77). What is the highest common factor of k and i?
5
Suppose 5*c = -4*a + 435, -4*c = -2 + 6. Suppose -3*u + 25 = 5*b, -2*u + 5*b = -u - 15. Calculate the highest common factor of a and u.
10
Let k be 8/(-10)*9020/(-88). What is the greatest common factor of 451 and k?
41
Suppose -381*x + 388*x - 1407 = 0. What is the greatest common factor of x and 469?
67
Let u be (-13)/((-39)/675) - 1. What is the highest common factor of u and 160?
32
Let x(q) = -5*q + 781. Let j be x(0). What is the highest common factor of 71 and j?
71
Suppose 2*f - 3*z - 162 = -0*z, 2*z = -3*f + 256. Let g(r) = -3*r - 42. Let p be g(-21). Calculate the greatest common divisor of f and p.
21
Let a(k) = -k**3 + k**2 + 2. Let m be a(0). Let f be 74/3 - m/3. What is the highest common factor of f and 8?
8
Let b = 34 + -14. Suppose 17 = -6*t + 257. What is the highest common divisor of b and t?
20
Suppose -6*y + 3*y = -j + 206, 2*j + 3*y = 394. Suppose -2*z - 2*z + j = 0. What is the greatest common divisor of 50 and z?
50
Let n = 676 - 364. What is the highest common divisor of n and 195?
39
Let r = 84 - 81. Suppose t + 26 = r*n - 5, 3*n + 4*t = 11. What is the greatest common factor of n and 81?
9
Suppose -4*g + 3*n = -162, -4*g - 4*n + 80 = -96. Let k be 5808/104 + (-4)/(-26). What is the highest common factor of g and k?
14
Suppose 0 = f - r - 112, 0 = -3*f - 2*r - 20 + 356. Let t = f - 100. What is the greatest common divisor of 12 and t?
12
Let h be (1 - (-7)/(-14))/(2/20). Suppose -3*i - h*b + 31 = -147, -2*i = -b - 97. Calculate the greatest common factor of 34 and i.
17
Suppose -3*r + 59 = 5*o, -2*r + 5*r - 9 = 0. Suppose 4*v + 240 = o*v. Calculate the greatest common factor of 16 and v.
8
Suppose -b = -4*b - 3. Let v be 24/18*(71 - b). Calculate the highest common factor of v and 12.
12
Suppose -64*n - 62*n + 3623 + 31 = 0. Suppose -4*x = 0, d + 4*x = -0*x + 145. What is the greatest common factor of d and n?
29
Let a = 547 - 203. Calculate the highest common divisor of 43 and a.
43
Let j(v) = 2*v**2 + 7*v - 79. Let d be j(6). Let l(b) = b + 70. Let y be l(0). What is the greatest common factor of d and y?
35
Let c = -2432 - -920. Let l be ((-8)/6)/(6*8/c). Calculate the greatest common divisor of 14 and l.
14
Let h = -18 - -18. Suppose h = -4*o + 17 + 11. What is the greatest common factor of 77 and o?
7
Let q(r) = -r**2 + 94*r + 205. Let j be q(41). What is the highest common factor of 58 and j?
58
Suppose 0 = 5*y - 15, 18*y - 13*y + 825 = 5*x. What is the highest common factor of 24 and x?
24
Let m(k) = -3*k + 6. Suppose 0 = 7*l - 6*l + 24. Let b be m(l). What is the highest common divisor of b and 117?
39
Let m(f) be the first derivative of -f**3/3 - 13*f**2 + 46. Let h be m(-8). Calculate the highest common factor of h and 16.
16
Let x = 19 - 37. Let t be 84/8*12/x. Let z = 2 - t. What is the highest common factor of 18 and z?
9
Let f = -78 + 123. Let r be (81/18)/(3/20). What is the greatest common factor of r and f?
15
Let h be 4248/40 - (-1)/(-5). Let s = h + 4. What is the highest common divisor of 10 and s?
10
Suppose -3*d = -4*h + 31 + 34, -d + 25 = 2*h. Calculate the greatest common factor of 154 and h.
14
Let q(f) = f**3 - 4*f**2 + 15*f - 8. Let j be q(5). What is the greatest common factor of j and 8?
4
Suppose 2*k - 13 = k + 4*s, -65 = -5*k - 2*s. Suppose k*w + 875 = 18*w. What is the greatest common divisor of w and 25?
25
Let p(o) = 12*o**3 + 2*o**2 + o - 1. Let a = 82 - 81. Let h be p(a). Let z be 3/1*35/3. Calculate the highest common factor of h and z.
7
Suppose -i + 5*p + 58 = 0, 186 = 5*i - p - 128. Calculate the highest common factor of i and 63.
63
Let h = 56 + -701. Let n be (h/25)/(-1) + 1/5. Calculate the highest common divisor of n and 39.
13
Let a = -223 + 230. What is the highest common divisor of a and 14?
7
Let f = -4 - -10. Let c = -2177 + 2192. Calculate the greatest common divisor of f and c.
3
Let t be 2*(-2 + (-14)/(-4)). Let j be (-3 - (-3)/t) + 222. Let f = -80 - -100. What is the greatest common factor of f and j?
20
Suppose -52 + 322 = 27*g. What is the greatest common divisor of 40 and g?
10
Suppose -l - 219 - 225 = -5*j, -4*l = 16. Let x be 33/6*(5 - (-6)/(-2)). What is the greatest common divisor of x and j?
11
Suppose 0*q = 2*q - 12. Let i be 191 + 0 - (0 + -1). Suppose 5*n - i = n. What is the highest common divisor of n and q?
6
Let a(w) = -2*w - 6 - 2 + 10 + 4. Let h(v) = v**3 + 2*v**2 - v + 3. Let t be h(-3). Let o be a(t). Calculate the greatest common factor of o and 36.
12
Let x = -1096 - -1201. Calculate the greatest common divisor of x and 615.
15
Suppose 89 - 10 = 5*v - 4*c, 5*v = -2*c + 103. Suppose -v = -4*f + 37. Let n be (8/(-2))/((-6)/21). Calculate the highest common divisor of f and n.
14
Let t = 14 + -12. Suppose -4*b - t*h + 16 = -0*h, 2*b + 4*h = -4. Let u = 46 - b. What is the greatest common factor of u and 16?
8
Let r be (177/(-6) + 1)/((-1)/2). Calculate the greatest common divisor of 19 and r.
19
Suppose 9360 = 58*z - 18*z. Calculate the highest common factor of z and 36.
18
Let v(m) = -m**3 + 13*m**2 + 3*m + 42. Let r be v(13). Calculate the greatest common factor of r and 432.
27
Suppose 2*a - 194 = -4*l, -2*l + 7*l - 5*a = 265. Suppose -46 = -4*c + l. Calculate the greatest common divisor of 24 and c.
24
Let u be (7/(-4))/(20/(-240)). Let l be (14 + -1)/(-4 + 91/u). Calculate the greatest common divisor of 104 and l.
13
Suppose 4*z = -4, -2*y + y = 4*z + 4. Suppose y = -v + 2 - 0. Let g(s) = 16*s**2 + 2. Let p be g(1). What is the highest common factor of v and p?
2
Let n = -51 + 28. Let y = n + 33. Calculate the highest common divisor of 110 and y.
10
Let t = 667 - 648. Calculate the greatest common factor of t and 437.
19
Suppose 71 + 25 = 2*j. Let s = 154 - -38. Calculate the highest common divisor of s and j.
48
Let k be (1 + -4 - 6)*4. Let o be (11/2)/(18/k). Let g be (-110)/o*(-54)/(-4). What is the greatest common factor of g and 15?
15
Let j(k) = 3*k**2 + 5*k + 16. Let t be j(0). What is the greatest common factor of 864 and t?
16
Let o be (10/4)/((-246)/84 - -3). Suppose -n - 7*b + o = -2*b, 0 = -n + 4*b + 71. What is the highest common divisor of 11 and n?
11
Let v(d) be the second derivative of 22*d**3 + d**2/2 - 8*d. Let x be v(1). What is the greatest common divisor of 19 and x?
19
Suppose -5*j = 4*s - 331, j + 12*s - 16*s = 71. What is the greatest common divisor of 2747 and j?
67
Suppose 0 = -6*o + 281 - 53. What is the greatest common factor of o and 1786?
38
Suppose 1 = -4*d + 17. Suppose 4*v + 12 = 0, v = d*i - 0*v - 39. What is the highest common factor of i and 9?
9
Suppose 13 - 63 = -2*l - 2*j, 4*l - 2*j - 76 = 0. Suppose -o + 294 = o. Calculate the greatest common divisor of o and l.
21
Suppose 4*c - 58 - 14 = 0. Let a(d) = 90*d**3 + d**2 - d. Let f be a(1). What is the greatest common divisor of f and c?
18
Let f be (2 - 12/5)*15. Let h be (-31)/f - (-9)/(-54). What is the greatest common factor of h and 1?
1
Let r(f) = f - 8. Let v be r(10). Let i(c) = c**2 - 4*c + 3. Let m be i(v). Let p be (16 + m)/((-5)/(-15)). Calculate the highest common divisor of p and 15.
15
Let h(k) = 21*k**3 + 8*k**2 - 20*k**3 + 7*k - 18 + 4*k. Let x be h(-5). Calculate the highes